ase 8, what is -1 - 2020520?
-2020521
In base 16, what is -1 - 143781e?
-143781f
In base 13, what is 1a + -951aa?
-95190
In base 11, what is -1102474 - -5?
-110246a
In base 11, what is -331 + -9a1500?
-9a1831
In base 8, what is 33103233 - 34?
33103177
In base 8, what is -27563 + 37635?
10052
In base 14, what is -c621a8 + 1?
-c621a7
In base 5, what is -2103131402 - -100?
-2103131302
In base 9, what is 17 - 1477645?
-1477627
In base 13, what is -879366c + -1?
-8793670
In base 14, what is 298 + 15dd?
1897
In base 2, what is -110 + -101000010100100110111000?
-101000010100100110111110
In base 6, what is 235 + 301135?
301414
In base 11, what is 34 - -311813?
311847
In base 3, what is 111022201222221 - -11?
111022202000002
In base 8, what is 275236 + 177?
275435
In base 8, what is 23 + -6040176?
-6040153
In base 4, what is 1310 - -112300112231?
112300120201
In base 6, what is 1334144 - 14232?
1315512
In base 15, what is -c63 + b277?
a514
In base 9, what is -24 + 1067141?
1067116
In base 7, what is 612 - 30343363?
-30342451
In base 10, what is 12 - 10316863?
-10316851
In base 6, what is -1441430312 - 2?
-1441430314
In base 4, what is -210013012003 + -1?
-210013012010
In base 2, what is -1 + -10101001110000101001111?
-10101001110000101010000
In base 6, what is -504502 - 3353?
-512255
In base 2, what is 11001110101010000001 - -10110?
11001110101010010111
In base 16, what is -b93d2d + -9?
-b93d36
In base 16, what is -115 - 1999?
-1aae
In base 4, what is 33310012322230 - 11?
33310012322213
In base 5, what is -441433100 + -131?
-441433231
In base 9, what is 0 + -47487?
-47487
In base 10, what is -82924549 + -5?
-82924554
In base 3, what is -11 - -12102211102202?
12102211102121
In base 2, what is 110000111 + 1000110011010010111?
1000110100000011110
In base 13, what is 4 + 57c1937?
57c193b
In base 4, what is 232310 + 122220?
1021130
In base 7, what is -20603 + -22?
-20625
In base 14, what is 4a2d + -36dc?
1331
In base 15, what is 5a1ac4 - 0?
5a1ac4
In base 14, what is 7433 + 1a6?
75d9
In base 11, what is a31 - -2449?
337a
In base 11, what is -1a581353 + 0?
-1a581353
In base 16, what is 37ca7e2 - -3?
37ca7e5
In base 16, what is 7f + 147a4?
14823
In base 10, what is -1 - 106052471?
-106052472
In base 6, what is -124405321 - -4?
-124405313
In base 13, what is cb063 - 584?
ca7ac
In base 4, what is 130122220 + 221?
130123101
In base 13, what is 16b - 28c9?
-275b
In base 5, what is 10230304124 + -4?
10230304120
In base 12, what is 10 - 63a69?
-63a59
In base 4, what is -20230300302 - 11021?
-20230311323
In base 11, what is 3 - -45766a62?
45766a65
In base 4, what is -2 - 2331222022110?
-2331222022112
In base 12, what is 3 + -8120a?
-81207
In base 10, what is 97189 + 460?
97649
In base 11, what is -1 + 1966263?
1966262
In base 8, what is -6 + -16046401?
-16046407
In base 7, what is -22646 + -264060?
-320036
In base 5, what is 21 + 12030020?
12030041
In base 10, what is -6 + 30425156?
30425150
In base 16, what is -2b - -1c04c?
1c021
In base 10, what is -65 - -80688?
80623
In base 13, what is 2246 - -108c?
3305
In base 7, what is -2120404 - 5?
-2120412
In base 10, what is -2501 - -189427?
186926
In base 16, what is 263f9d2 - 0?
263f9d2
In base 4, what is -2000311303 - -21132?
-2000230111
In base 16, what is -56a - -24177?
23c0d
In base 12, what is -854a + -23402?
-2b950
In base 6, what is 11 - 1215345424?
-1215345413
In base 7, what is -65356136 + 5?
-65356131
In base 6, what is -1043453324 - 4?
-1043453332
In base 11, what is -aa377 + -66?
-aa432
In base 14, what is -1d79 - -125?
-1c54
In base 14, what is -22c - 1b421?
-1b64d
In base 7, what is -2015402 - -431?
-2014641
In base 12, what is 87666359 + -3?
87666356
In base 10, what is -49 - 69483?
-69532
In base 4, what is -1110222 - 21001230?
-22112112
In base 16, what is 17 - 2ec41?
-2ec2a
In base 11, what is a - 49756758?
-49756749
In base 7, what is -1165 - 266040?
-300235
In base 14, what is -63ca - 639?
-6a25
In base 10, what is 582871 + 569?
583440
In base 5, what is -33403000243 + -1?
-33403000244
In base 9, what is -681513 + 257?
-681245
In base 9, what is -4236002 + -14?
-4236016
In base 4, what is -10223032010 - 103?
-10223032113
In base 2, what is 101011110111101000110110 - 10000?
101011110111101000100110
In base 9, what is -211 - -1084278?
1084067
In base 14, what is 1 + 1b35466?
1b35467
In base 16, what is -137 - 1d5?
-30c
In base 3, what is -20022 + -121010202?
-121101001
In base 6, what is 2 + 1410435522?
1410435524
In base 16, what is 3 + -36d2e1f?
-36d2e1c
In base 9, what is 206 + -12377612?
-12377405
In base 16, what is -5 + 81e8246?
81e8241
In base 13, what is -1 + 3abb802b?
3abb802a
In base 4, what is -3 - 1320022211?
-1320022220
In base 3, what is 21200101 - -11121?
21211222
In base 3, what is -10100212 + 101202001102?
101121200120
In base 10, what is -14 + 3432292?
3432278
In base 15, what is -6 + -a4768e?
-a47695
In base 13, what is -2094a4 + 59?
-209448
In base 2, what is 101 + -10001001001111101001100011?
-10001001001111101001011110
In base 8, what is 455721731 + -1?
455721730
In base 14, what is -65566dab - 4?
-65566db1
In base 9, what is 2571 + -1776?
684
In base 14, what is 129 - -164bc?
16607
In base 6, what is -101241421310 - 3?
-101241421313
In base 14, what is cdb8a2c9 + 1?
cdb8a2ca
In base 7, what is -3364 + 620015?
613321
In base 7, what is 522563 + -515?
522045
In base 6, what is -131000 + -4145?
-135145
In base 6, what is 33453345 - -121?
33453510
In base 13, what is 186 + 28b104?
28b28a
In base 14, what is 46 - -2ad19?
2ad61
In base 4, what is -21330 - 3132003?
-3213333
In base 2, what is 1000000110110110001010011 + 10?
1000000110110110001010101
In base 16, what is -1039a6 - -3e?
-103968
In base 9, what is -5 - 7628532?
-7628537
In base 10, what is 38806019 + 2?
38806021
In base 14, what is 64955ad1 + 4?
64955ad5
In base 16, what is 5c05 + -a2b?
51da
In base 7, what is 24 + -133211013?
-133210656
In base 2, what is -1011100101111101 - -10101?
-1011100101101000
In base 12, what is b2 - -28772?
28864
In base 15, what is -39a + 73e?
394
In base 3, what is 1021101020112 - 112?
1021101020000
In base 8, what is 1422207574 + -5?
1422207567
In base 2, what is -1110100 - 100001110100000000?
-100001110101110100
In base 6, what is 2322503 + 2215?
2325122
In base 6, what is 225 - 14212044?
-14211415
In base 7, what is -14243 + 36513?
22240
In base 8, what is -77370 + 66320?
-11050
In base 12, what is 87 + -27b82?
-27ab7
In base 8, what is -1041025 + 72?
-1040733
In base 12, what is 796b + -20516?
-14767
In base 12, what is -3b2237a - -5?
-3b22375
In base 10, what is 1 + -19186817?
-19186816
In base 12, what is -849 + -67377?
-68004
In base 7, what is -1625 + -1363151?
-1365106
In base 6, what is -223352 + 413400?
150004
In base 3, what is 1002120010 - -10222100?
1020112110
In base 8, what is -5 + -602202256?
-602202263
In base 6, what is -502 - 3424143?
-3425045
In base 8, what is -363 - 2163344?
-2163727
In base 16, what is -72b40 + -12?
-72b52
In base 14, what is -22 + -a312a?
-a314c
In base 4, what is 20123213 + -3330211?
10133002
In base 3, what is 11012011102011 + 11?
11012011102022
In base 11, what is -a34 - -3420?
2497
In base 12, what is -682 - -257101?
25663b
In base 5, what is -1321 + -1012010213?
-1012012034
In base 13, what is -30346 + -5a?
-303a3
In base 4, what is 0 - -13030012211?
13030012211
In base 10, what is 11 + -1562740?
-1562729
In base 16, what is e + cd10b?
cd119
In base 15, what is -41c17 - -47?
-41bc0
In base 14, what is 242 - 59317?
-590b5
In base 4, what is 1332110313222 - 33?
1332110313123
In base 4, what is 11 - 31022321201011?
-31022321201000
In base 12, what is 3 - -2494097?
249409a
In base 12, what is 521761 - 18?
521745
In base 3, what is -2021 + 120011100111?
120011021020
In base 6, what is 220 + -2111424?
-2111204
In base 13, what is 93313 - -5?
93318
In base 11, what is 28 - -249350a?
2493537
In base 7, what is 5 - -55411326?
55411334
In base 3, what is 102 - 12022000122?
-12022000020
In base 3, what is -2101010221101 - -101002?
-2101010120022
In base 9, what is 23584 - 1323?
22261
In base 8, what is -53344 + -53626?
-127172
In base 3, what is -102122012 - -11100010?
-21022002
In base 12, what is 3 - -614446?
614449
In base 12, what is 149 - 6665?
-6518